522414 a multiple of 115?
False
Is 3658740 a multiple of 68?
True
Is 54 a factor of 221616?
True
Does 347 divide 196443?
False
Is 8 a factor of 3650152?
True
Is 3815968 a multiple of 52?
True
Is 12 a factor of 977241?
False
Does 145 divide 2925955?
True
Is 264 a factor of 599808?
True
Is 232840 a multiple of 376?
False
Is 17 a factor of 681037?
True
Is 5852 a multiple of 19?
True
Does 27 divide 1155489?
False
Is 504 a factor of 725256?
True
Is 79864 a multiple of 4?
True
Does 109 divide 535081?
True
Is 25176 a multiple of 4?
True
Does 38 divide 838926?
True
Does 170 divide 55569?
False
Does 7 divide 595914?
False
Does 120 divide 1920141?
False
Is 877 a factor of 4944522?
False
Is 219 a factor of 3161922?
True
Is 67 a factor of 97418?
True
Is 52 a factor of 1084772?
True
Does 3 divide 1006437?
True
Is 9877849 a multiple of 14?
False
Is 201690 a multiple of 6?
True
Is 31 a factor of 7971?
False
Is 276940 a multiple of 122?
True
Is 299 a factor of 1140087?
True
Does 16 divide 697844?
False
Is 111 a factor of 307531?
False
Is 23 a factor of 188944?
False
Is 1082427 a multiple of 221?
False
Is 909063 a multiple of 156?
False
Is 1187720 a multiple of 5?
True
Is 28 a factor of 4008878?
False
Is 118062 a multiple of 7?
True
Does 7 divide 2611696?
False
Does 11 divide 102302?
False
Does 155 divide 42676?
False
Is 15 a factor of 194580?
True
Is 63 a factor of 21617442?
True
Is 14895842 a multiple of 23?
False
Does 74 divide 9232286?
False
Is 130507 a multiple of 14?
False
Is 773 a factor of 25767962?
False
Is 108737 a multiple of 210?
False
Is 6 a factor of 12396?
True
Is 42409 a multiple of 16?
False
Is 110927 a multiple of 6?
False
Is 620 a factor of 5828620?
True
Is 266 a factor of 70995?
False
Is 2131800 a multiple of 33?
True
Is 11420640 a multiple of 880?
True
Is 1723895 a multiple of 365?
True
Is 124974 a multiple of 131?
True
Is 111520 a multiple of 160?
True
Is 266475 a multiple of 68?
False
Does 128 divide 2361882?
False
Does 204 divide 12415577?
False
Is 187283 a multiple of 146?
False
Is 21 a factor of 1987711?
False
Does 347 divide 359839?
True
Is 192896 a multiple of 44?
True
Is 4102241 a multiple of 13?
True
Does 17 divide 287274?
False
Is 12 a factor of 94920?
True
Is 2 a factor of 110763?
False
Does 267 divide 838914?
True
Does 161 divide 483021?
False
Does 8 divide 372696?
True
Is 444 a factor of 887556?
True
Is 433343 a multiple of 83?
True
Is 313 a factor of 7679087?
False
Is 13 a factor of 69173?
True
Is 17 a factor of 24549?
False
Is 20 a factor of 278074?
False
Is 3649467 a multiple of 8?
False
Does 13 divide 1664112?
False
Is 4 a factor of 1339515?
False
Is 659 a factor of 6391879?
False
Does 3 divide 14182?
False
Is 41 a factor of 148507?
False
Is 167 a factor of 2737727?
False
Does 28 divide 119644?
True
Is 96 a factor of 12460248?
False
Does 85 divide 87755?
False
Is 116930 a multiple of 110?
True
Is 3415103 a multiple of 24?
False
Is 67 a factor of 7374457?
False
Is 13949 a multiple of 29?
True
Is 235402 a multiple of 116?
False
Does 306 divide 365277?
False
Does 96 divide 118279?
False
Is 11 a factor of 11993091?
True
Does 712 divide 4739072?
True
Is 138 a factor of 3387636?
False
Does 69 divide 1575270?
True
Is 196644 a multiple of 42?
True
Is 136 a factor of 52668?
False
Is 51612 a multiple of 11?
True
Is 6 a factor of 1540843?
False
Is 334757 a multiple of 179?
False
Is 49 a factor of 9173682?
True
Is 329 a factor of 1645?
True
Is 1492218 a multiple of 56?
False
Is 51216 a multiple of 278?
False
Is 84 a factor of 640416?
True
Is 12025793 a multiple of 767?
True
Does 47 divide 244168?
False
Does 49 divide 11548320?
True
Is 488 a factor of 185928?
True
Is 223110 a multiple of 6?
True
Does 2 divide 660897?
False
Is 1114189 a multiple of 193?
True
Is 18 a factor of 421776?
True
Is 1414068 a multiple of 2219?
False
Does 12 divide 49032?
True
Is 196578 a multiple of 20?
False
Is 164 a factor of 971921?
False
Is 238 a factor of 425782?
True
Is 34 a factor of 72284?
True
Is 137307 a multiple of 19?
False
Is 11 a factor of 7567652?
False
Is 635762 a multiple of 123?
False
Is 248778 a multiple of 102?
True
Is 714705 a multiple of 87?
True
Does 24 divide 7248?
True
Is 22650 a multiple of 453?
True
Is 213 a factor of 7770597?
False
Does 182 divide 482300?
True
Is 182 a factor of 324324?
True
Does 6 divide 158287?
False
Does 23 divide 53751?
True
Does 27 divide 560563?
False
Does 194 divide 112077?
False
Does 93 divide 410781?
True
Does 64 divide 538030?
False
Is 4484480 a multiple of 80?
True
Is 8 a factor of 70946?
False
Is 2 a factor of 212614?
True
Does 40 divide 5283760?
True
Does 17 divide 9472128?
True
Is 201 a factor of 44019?
True
Does 2 divide 26121?
False
Does 40 divide 373080?
True
Does 12 divide 905916?
True
Does 41 divide 3855312?
True
Is 1743297 a multiple of 3?
True
Does 13 divide 3913083?
False
Is 1065933 a multiple of 999?
True
Is 945594 a multiple of 18?
True
Does 328 divide 1157512?
True
Is 3526732 a multiple of 11?
True
Is 17939835 a multiple of 300?
False
Does 25 divide 1807822?
False
Is 313 a factor of 3297455?
True
Is 1616859 a multiple of 16?
False
Is 4 a factor of 157140?
True
Is 87318 a multiple of 77?
True
Does 10 divide 118130?
True
Is 3 a factor of 155617?
False
Is 48 a factor of 497952?
True
Is 111808 a multiple of 151?
False
Does 153 divide 423657?
True
Is 2990856 a multiple of 212?
False
Is 5222538 a multiple of 121?
False
Does 41 divide 12710?
True
Is 338 a factor of 8684611?
False
Is 44 a factor of 1042510?
False
Does 231 divide 4600134?
True
Is 3502336 a multiple of 16?
True
Is 303590 a multiple of 35?
True
Does 62 divide 33404266?
False
Is 415 a factor of 2865575?
True
Is 135 a factor of 224078?
False
Is 22 a factor of 153303?
False
Is 290578 a multiple of 225?
False
Is 12 a factor of 184990?
False
Does 52 divide 134842?
False
Does 264 divide 2414710?
False
Is 64 a factor of 81920?
True
Is 125 a factor of 209625?
True
Is 106 a factor of 282573?
False
Is 233665 a multiple of 5?
True
Is 38945 a multiple of 5?
True
Is 1259429 a multiple of 121?
False
Is 56950 a multiple of 67?
True
Does 64 divide 679226?
False
Is 686 a factor of 2638596?
False
Does 104 divide 196442?
False
Is 52 a factor of 21840?
True
Does 82 divide 113406?
True
Is 552042 a multiple of 4?
False
Is 162554 a multiple of 26?
False
Does 4 divide 3551976?
True
Is 5839054 a multiple of 54?
False
Does 214 divide 11655296?
True
Does 23 divide 1161914?
True
Is 29 a factor of 199462?
True
Does 3 divide 103884?
True
Is 223195 a multiple of 35?
True
Is 460042 a multiple of 9?
False
Is 10148489 a multiple of 247?
True
Does 558 divide 5393628?
True
Is 269647 a multiple of 313?
False
Is 421761 a multiple of 5?
False
Does 510 divide 1130599?
False
Is 1928282 a multiple of 907?
True
Is 6 a factor of 2439017?
False
Is 8618048 a multiple of 34?
True
Is 6 a factor of 364279?
False
Is 288791 a multiple of 487?
True
Does 22 divide 1321163?
False
Is 9 a factor of 437750?
False
Is 16 a factor of 13242736?
True
Is 12557 a multiple of 67?
False
Is 11 a factor of 134123?
True
Does 634 divide 1996772?
False
Is 1011 a multiple of 26?
False
Is 412902 a multiple of 14?
True
Does 39 divide 648843?
True
Does 13 divide 40755?
True
Is 11 a factor of 212523?
False
Is 528175 a multiple of 25?
True
Is 17880 a multiple of 24?
True
Does 356 divide 246466?
False
Is 672 a factor of 50400?
True
Is 801382 a multiple of 19?
True
Is 598121 a multiple of 594?
False
Does 11 divide 39006?
True
Does 156 divide 185992?
False
Is 94830 a multiple of 44?
False
Is 53060 a multiple of 5?
True
Is 24354 a multiple of 198?
True
Is 1318207 a multiple of 293?
True
Is 3875350 a multiple of 20?
False
Does 26 divide 171886?
True
Does 22 divide 402151?
False
Is 96 a factor of 412611?
False
Is 1250895 a multiple of 267?
True
Is 14 a factor of 442675?
False
Is 12 a factor of 133680?
True
Is 29 a factor of 3037083?
True
Is 465 a factor of 739815?
True
Is 185 a factor of 5012532?
False
Does 4 divide 10484674?
False
Does 16 divide 32202088?
False
Does 1102 divide 5496976?
False
Is 179158 a multiple of 67?
True
Is 14520 a multiple of 6?
True
Is 196 a factor of 302789?
False
Does 858 divide 74593?
False
Is 19 a factor of 187798?
False
Is 524175 a multiple of 75?
True
Does 38 divide 260908?
True
Is 4